224229
In base 14, what is -1166a + -d?
-11679
In base 8, what is -20 - 22122?
-22142
In base 2, what is 10100110101 + -100111?
10100001110
In base 6, what is -44 - -3501?
3413
In base 5, what is -243423 - -1022?
-242401
In base 14, what is -4 - 6673?
-6677
In base 11, what is -5900 - -359?
-5552
In base 12, what is -831 + 3a?
-7b3
In base 12, what is -b7260 + -3?
-b7263
In base 11, what is -6 - -5154?
5149
In base 15, what is 21e - -50b?
72a
In base 6, what is -25111 - -3001?
-22110
In base 4, what is 120 - -11112?
11232
In base 16, what is 2 + 2e2?
2e4
In base 10, what is -25964 - -3?
-25961
In base 2, what is 101100111100010 + 10101000?
101101010001010
In base 2, what is -110 - 1110011?
-1111001
In base 8, what is -3455 + 2?
-3453
In base 15, what is 1a + -738?
-71d
In base 3, what is 220 - -12002201210?
12002202200
In base 8, what is 137 - -11553?
11712
In base 15, what is 12 + -2715?
-2703
In base 3, what is 102020120 + 2001?
102022121
In base 12, what is 155 - -281?
416
In base 4, what is -120 + 23013?
22233
In base 3, what is -210201 - 1110000?
-2020201
In base 3, what is 1000200 - -1111001?
2111201
In base 6, what is 143301 + -30?
143231
In base 6, what is -1 + -11013?
-11014
In base 11, what is -19 + -188a?
-18a8
In base 6, what is 32 + -252531?
-252455
In base 7, what is -41 + 415?
344
In base 11, what is -3 + -11340?
-11343
In base 5, what is -114130 + 1421?
-112204
In base 9, what is 21 - -1027?
1048
In base 10, what is 2 + 36661?
36663
In base 9, what is -3 + 76074?
76071
In base 11, what is -6007 - -2?
-6005
In base 13, what is -9 + -a157?
-a163
In base 16, what is -49d - -29?
-474
In base 9, what is -2028 + -16?
-2045
In base 13, what is 5409 - -2?
540b
In base 13, what is -a1 + 237?
166
In base 14, what is 6 - -580c?
5814
In base 4, what is -3002113 - -10?
-3002103
In base 15, what is -3377c - -3?
-33779
In base 12, what is -20 + -13a1?
-1401
In base 10, what is 33823 + 1?
33824
In base 13, what is -138 - 220?
-358
In base 6, what is 0 - -2034242?
2034242
In base 3, what is 111011120 + 11021?
111022211
In base 15, what is 2a5 - -58c?
842
In base 2, what is 1001010111100111111 + -100?
1001010111100111011
In base 6, what is 13453323 - -12?
13453335
In base 7, what is -1115030 + 14?
-1115013
In base 4, what is -1 - 11313301232?
-11313301233
In base 5, what is 3304211 + -4?
3304202
In base 14, what is -2 - -8c049?
8c047
In base 15, what is -ce72 - 1?
-ce73
In base 8, what is 5724 + 13?
5737
In base 8, what is 1060 - -314?
1374
In base 6, what is -2 - -11531325?
11531323
In base 16, what is -a6b6 + -5?
-a6bb
In base 8, what is 235331 + 0?
235331
In base 8, what is 3265056 - 2?
3265054
In base 13, what is -12 - -25b3?
25a1
In base 11, what is 3601 + 3a8?
39a9
In base 12, what is -a + -4531?
-453b
In base 9, what is 7 + -15732?
-15724
In base 13, what is c9b + 7?
ca5
In base 2, what is 111 + 10111000101000?
10111000101111
In base 5, what is 2100 + 2434?
10034
In base 8, what is 5 - -22567?
22574
In base 3, what is -2120022 - 100?
-2120122
In base 13, what is -21123 - -4?
-2111c
In base 8, what is 34 - 7340?
-7304
In base 8, what is 10735 + 14?
10751
In base 8, what is -25325 - -10?
-25315
In base 6, what is 2 - -20452055?
20452101
In base 11, what is -5 + -24893?
-24898
In base 2, what is 101 - 1101011011001101?
-1101011011001000
In base 8, what is -7 + 1466?
1457
In base 2, what is 0 - 10100011111000101?
-10100011111000101
In base 10, what is 84690 + 8?
84698
In base 8, what is -4 - 52650?
-52654
In base 14, what is -66c9 + 87?
-6642
In base 14, what is 6 - -2373?
2379
In base 9, what is -576 - -827?
241
In base 11, what is -103 - 1a3?
-2a6
In base 13, what is -4168 + 5?
-4163
In base 8, what is -6 + -341627?
-341635
In base 10, what is 4 - -24586?
24590
In base 11, what is 3013 + 2?
3015
In base 11, what is 3 + 12926?
12929
In base 14, what is 1 + 2dc7?
2dc8
In base 11, what is -24305 + 0?
-24305
In base 14, what is -34 + 145bc?
14588
In base 11, what is 0 + 23416?
23416
In base 15, what is 5 - d7c?
-d77
In base 6, what is 123500 + 2?
123502
In base 14, what is -81 + -2b75?
-2c16
In base 12, what is 1 + -247460?
-24745b
In base 3, what is -200201011 + -122?
-200201210
In base 13, what is -208 - 27?
-232
In base 4, what is 2011 - -33?
2110
In base 11, what is -14 - 42a0?
-4304
In base 14, what is -3296d8 - 5?
-3296dd
In base 16, what is 224d50 - 2?
224d4e
In base 16, what is 4 - 26dd4?
-26dd0
In base 14, what is -5 - 29b3?
-29b8
In base 7, what is -10 - 201?
-211
In base 7, what is 3 + 113663?
113666
In base 14, what is 55b + 4?
561
In base 7, what is 1612651 - -2?
1612653
In base 2, what is 1001000111100101111 + 10?
1001000111100110001
In base 3, what is -201220110 - -2?
-201220101
In base 8, what is 456 - -117?
575
In base 14, what is 9 - 56aa?
-56a1
In base 15, what is 1cb1d - 4?
1cb19
In base 8, what is -5 + 1341423?
1341416
In base 10, what is -22 - -2026?
2004
In base 2, what is -1000 - 1001100101010001?
-1001100101011001
In base 5, what is -40040 + -10?
-40100
In base 4, what is 3100 - -1002312?
1012012
In base 13, what is -54 + 151?
ca
In base 16, what is -3 - -5f3b7?
5f3b4
In base 2, what is 111001110111011 + 0?
111001110111011
In base 11, what is 136097 + 21?
136108
In base 6, what is -13221 - 3342?
-21003
In base 6, what is 4 + -5222512?
-5222504
In base 9, what is 34 + -1112?
-1067
In base 3, what is -102 + -1020112012?
-1020112121
In base 12, what is -25983 - 3?
-25986
In base 9, what is -177007 + 0?
-177007
In base 12, what is -15857 + 3?
-15854
In base 6, what is -31 - 543232?
-543303
In base 10, what is 218 + 217?
435
In base 9, what is 35 + -18746?
-18711
In base 13, what is 354989 + -3?
354986
In base 16, what is 9 - -3a70?
3a79
In base 2, what is 1 + -100110011101011?
-100110011101010
In base 8, what is -1205 - 63?
-1270
In base 14, what is 287d7 + -5?
287d2
In base 11, what is 62a41 - -8?
62a49
In base 11, what is 143632 + -5?
143628
In base 9, what is -17 + 840703?
840675
In base 4, what is -2022 + 1033?
-323
In base 15, what is 733 + 671?
da4
In base 6, what is 40 + 11040?
11120
In base 14, what is -d + -5c27?
-5c36
In base 16, what is -42 + 6c?
2a
In base 3, what is 2 - -20121000022?
20121000101
In base 6, what is 1441222 + -1?
1441221
In base 7, what is 24036 + 12?
24051
In base 2, what is 100011101101 - -110?
100011110011
In base 7, what is -6 + 13241?
13232
In base 9, what is -614 - -237?
-366
In base 16, what is -1 - -dc5a?
dc59
In base 13, what is 62 + -58?
7
In base 4, what is -1133 + 20202?
13003
In base 14, what is -3a + -32?
-6c
In base 14, what is -2 - -4bb2?
4bb0
In base 14, what is -4 + -7966?
-796a
In base 5, what is 4034113 + -4?
4034104
In base 4, what is 3003332 - -111?
3010103
In base 10, what is 20118 - -3?
20121
In base 16, what is 1b - 2152?
-2137
In base 10, what is -2 - 3932?
-3934
In base 11, what is -163853 - 3?
-163856
In base 12, what is -252 + -2a?
-280
In base 4, what is -10213031 + 1?
-10213030
In base 12, what is 251ab + 9?
251b8
In base 10, what is 2587 + -471?
2116
In base 9, what is -772 + -14?
-786
In base 7, what is 12511 - -61?
12602
In base 8, what is -26034 + -4?
-26040
In base 10, what is 3260663 - 4?
3260659
In base 6, what is -3035 + 15?
-3020
In base 14, what is -17 + -3130?
-3147
In base 12, what is -6171 + -a?
-617b
In base 6, what is 43224524 - 2?
43224522
In base 10, what is 156 - -124?
280
In base 2, what is 11010001 - 111111100110?
-111100010101
In base 9, what is 1124628 + 1?
1124630
In base 8, what is -26652 - -4?
-26646
In base 2, what is 100010000 + -1111010?
10010110
In base 2, what is -1000 + -1000001110?
-1000010110
In base 3, what is 0 - 21200002?
-21200002
In base 10, what is -994 + -584?
-1578
In base 16, what is -4 - 3622?
-3626
In base 2, what is 1111000101 + -1101011010001?
-1011100001100
In base 2, what is -1101100110000100 + 10?
-1101100110000010
In base 16, what is -44 + 429a?
4256
In base 12, what is 71334 - 16?
7131a
In base 4, what is -10200031031 - 3?
-10200031100
In base 2, what is 11010100111101011111 - -110?
11010100111101100101
In base 16, what is 157 - -17?
16e
In base 7, what is 1142105 - 31?
1142044
In base 2, what is 1111 - 110010100?
-110000101
In base 2, what is 1000010 - -1100010001?
1101010011
In base 6, what is -341 + 2005?
12